 15*n - s = 13*n. Calculate the remainder when n is divided by 9.
7
Let n(u) = -3*u**3 - 50*u**2 - 34*u - 19. Calculate the remainder when 142 is divided by n(-16).
12
Suppose 0*c = 4*c - 168. Suppose 5*u - 2*h = -5*h + 298, 0 = 4*u - 4*h - 264. What is the remainder when c is divided by u/6 - 56/(-84)?
9
Let m be (-6 - -4) + (0 - 3*2). Let j = 28 + m. Calculate the remainder when (-12)/2*(-19)/2 is divided by j.
17
Suppose -2*j + 12 = d, 7*j - 3*j + 3*d - 20 = 0. Let z(s) = 4*s - 7. What is the remainder when z(j) is divided by 7?
4
Suppose 2*y + 2*z - 80 = 0, -5*z - 106 = -3*y - z. Let w(u) = u**3 - 10*u**2 + 10. Let p be w(10). Let t = 20 - p. What is the remainder when y is divided by t?
8
Let y be 1 - 1 - (-17 - -13). What is the remainder when 137/y + 4/(-16) is divided by 0 + 9 + (-12 - -8)?
4
Calculate the remainder when (-8398)/(-136) + 5/4 is divided by 40.
23
Let m be (-2)/(-15) + (-15592)/(-60). Suppose -3*u + m = 2*u. Calculate the remainder when u is divided by 18.
16
Let a(w) = w**2 + 25*w + 31. Suppose -12 = 2*j - 72. Calculate the remainder when a(-26) is divided by j.
27
Let a(t) = 5*t**3 - 2*t + 1. Let g be a(1). Suppose 0*m = m - g. Let b(y) = -y**3 - 7*y**2 - 6*y + 6. What is the remainder when b(-6) is divided by m?
2
Let v(a) = 14*a - 7. Let g(y) = y**3 + 8*y**2 - y - 13. Let t be g(-8). Let j(h) = 2*h**2 + 6*h + 6. What is the remainder when v(6) is divided by j(t)?
25
Suppose 15*y = 182 + 28. Calculate the remainder when -3 + 4 + 4 + 47 is divided by y.
10
What is the remainder when 103 is divided by 12/28 + ((-25)/(-7) - -4)?
7
Let t = 1167 - 1030. Calculate the remainder when t is divided by 16.
9
Let r = -72 + 88. What is the remainder when 93 is divided by r?
13
Let d(h) = h**2 + 25*h + 134. Let q = -122 + 255. Calculate the remainder when q is divided by d(-5).
31
Calculate the remainder when 348 is divided by 48 - (23 + -7)/(-8).
48
Suppose 0*b - 41*b = -1353. Calculate the remainder when 163 is divided by b.
31
Suppose 3*v = 4*k - 3*k + 196, 5*k + 940 = -5*v. Let w = k - -324. Calculate the remainder when w is divided by 34.
32
Suppose -18*a + 6004 = 1486. What is the remainder when a is divided by 12?
11
Suppose 51 = 3*o - 57. Suppose -3*s - 2*b + 5*b - o = 0, 0 = -5*s + 3*b - 60. What is the remainder when 27 is divided by (-1 + 0)*(5 + s)?
6
What is the remainder when 14/2 - (-7345)/65 is divided by 27?
12
Let m = -54 + 90. What is the remainder when -1 - ((-1 - m) + 2) is divided by 9?
7
Suppose -442 = -5*y + 2*q, 14*y - 18*y + 356 = -q. Calculate the remainder when y is divided by 19.
14
Let c(g) = 7*g - 6*g + 0*g - 30 - 5*g. Let z(l) = 2*l**2 - l - 1. What is the remainder when z(-2) is divided by c(-8)?
1
Suppose -24*x + 35*x - 1518 = 0. Calculate the remainder when x is divided by 37.
27
Let r be (6 - -118)*1/4. Let l = 34 - r. Calculate the remainder when 14 is divided by l.
2
Suppose -4*a - 286 = -4*w + 342, 5*w + 4*a - 785 = 0. Suppose w + 563 = 8*m. What is the remainder when m is divided by (-2)/1*(-69)/6?
21
Suppose 5*d = h - 244 - 191, 5*h = 2*d + 151. Let q be d/(-33) - 2/3. Calculate the remainder when 1 is divided by (q/(-10))/(10/(-50)).
0
Let t = 52 - 51. Calculate the remainder when 73 is divided by (-12)/16 - t/(8/(-310)).
35
Let p(s) = 12*s**2 - 46*s + 14. What is the remainder when 1053 is divided by p(4)?
19
Suppose 0*r = 5*t - 2*r - 52, t - 4*r + 4 = 0. Let g = 17 - t. Suppose -3*z + g + 16 = 0. Calculate the remainder when z is divided by 3.
1
Let u = -330 + 740. Suppose 3*p + 418 = 5*g, 0*g = 5*g + 5*p - u. Let k(x) = 2*x**2 + x - 15. What is the remainder when g is divided by k(4)?
20
Let n = -2385 - -2396. Calculate the remainder when 272 is divided by n.
8
Let p(v) = -v**3 + 6*v**2 - 6*v + 3. Let c be p(5). Let b be (-11 + 2 - -1) + 0. Calculate the remainder when c*((-380)/b)/(-5) is divided by 5.
4
Suppose 4*n + 0*n = 8. Suppose z = n*z - 4. What is the remainder when ((-28)/6)/(22/(-33)) is divided by z?
3
Let h(o) be the third derivative of o**5/60 + 5*o**4/12 - 11*o**3/6 - 9*o**2. What is the remainder when 134 is divided by h(-14)?
44
Let u(o) = -6*o + 3. Let w be (-1)/(-1 - -2 - 0). What is the remainder when 60 is divided by u(w)?
6
Let i(g) = 38*g - 30*g + 13*g + 3. Calculate the remainder when i(3) is divided by 17.
15
Let i = 43 - 44. Let z(s) = 72*s**2 - 5*s - 4. Calculate the remainder when z(i) is divided by 38.
35
Let w = 80 + 46. Suppose w = -0*u + 3*u. Suppose -4*p + u = -3*p. Calculate the remainder when p is divided by 11.
9
Let i(o) = o**2 + 41*o + 83. Suppose 3*p + 14 = 83. Calculate the remainder when p is divided by i(-39).
3
Suppose -s + 4 = 2. Suppose -s*u + 2 = -u. What is the remainder when 2 is divided by u?
0
Let d(p) = 4*p - 9. Let w = 26 - 19. Let n(h) = -h**3 - 3*h**2 - h - 1. What is the remainder when n(-5) is divided by d(w)?
16
Let i(d) = 4*d**2 + 6*d - 1. Let h(g) = -3*g**2 - 5*g. Let o(k) = 5*h(k) + 4*i(k). Calculate the remainder when 38 is divided by o(-3).
6
Suppose 0 = -0*v - 5*v - 25. Let i(j) = -j. Let n(p) = -p**3 + 20*p**2 - 18*p - 10. Calculate the remainder when n(19) is divided by i(v).
4
Suppose 0 = -9*w + 468 + 171. What is the remainder when 495 is divided by w?
69
Let w(y) = 2*y**2 - 2*y - 3. Let c be (3 - -1)/((-5)/(-10)). Suppose 5*d - 9*d - c = 0. What is the remainder when 26 is divided by w(d)?
8
Let w(v) = -16 + 8 - v - 244*v**2 + 7. Let i be w(1). Calculate the remainder when 47 is divided by (-2)/(-7) + i/(-21).
11
Let x = -14 - -12. Let t = x - -13. Suppose -3*h + 40 = -23. What is the remainder when h is divided by t?
10
Suppose 0 = 14*m + 29*m - 473. Calculate the remainder when 14 is divided by m.
3
Suppose 0 = 471*s - 466*s - 630. What is the remainder when s is divided by 5?
1
Suppose 5*i = 2*i - 48. Let n be 2/i + (-1385)/(-8). Suppose -4*j + n = 3*s, 0*j - 97 = -2*s + j. What is the remainder when s is divided by 13?
12
Suppose -5*l = -5*c - 120, 3*l = -3*c + 97 - 37. What is the remainder when 87 is divided by l?
21
Let y(o) = -o**3 + 3*o**2 - 2*o - 1. Calculate the remainder when y(-3) is divided by 14.
3
Suppose 7*i + 40 = 11*i. Calculate the remainder when 174 is divided by ((-16)/i)/(8/(-220)).
42
Let w = 424 + 218. What is the remainder when w is divided by 43?
40
Let i(u) = 2*u**2 + 28*u + 6. Suppose -12 = 2*n + 18. Calculate the remainder when i(n) is divided by ((-4)/(-2))/1 - -18.
16
Suppose -a - 19 = 3*u, 6 = 2*u - 0*a - 4*a. Calculate the remainder when 92 is divided by 3 + (-1 - 6*u).
28
Suppose 82*w - 1020 = 65*w. What is the remainder when w is divided by 9?
6
Let h(q) = 39*q**2 - q - 2. Let y(l) = -l + 15. Let j be y(13). Let g be h(j). Let w = -102 + g. What is the remainder when w is divided by 17?
16
Let z(v) = 3*v**2 - 7*v + 5. Calculate the remainder when 210 is divided by z(-3).
51
Let q(z) = 13*z**2 + 1. Let x be (5 - (4 + -1)) + -3. Suppose 0 = -5*i + 4*n + 17, -2*n - 2*n + 33 = 5*i. What is the remainder when q(x) is divided by i?
4
Suppose -3*z = -2*z - 10. Let n be 12*(58/8 + 1). Suppose n = 3*r + 12. What is the remainder when r is divided by z?
9
Let q(s) be the third derivative of s**6/120 - 7*s**5/60 + 11*s**4/24 + s**3/6 - 9*s**2. What is the remainder when q(5) is divided by 3?
0
What is the remainder when (10 - 15806/(-42)) + 7/(-3) is divided by 11?
10
Let v be (-4)/(-2) + 4/(-2). Suppose j - 4 + 0 = v. Suppose -k - 2*k = -2*g + 44, 0 = j*g - 4*k - 80. Calculate the remainder when 62 is divided by g.
14
Suppose 0 = -y + 4*d - 1, 4*d = 3*y - 35 + 22. Suppose 5*s - 4*b = 283, -195 = -3*s + b - 28. Calculate the remainder when s is divided by y.
6
Suppose 33 = 6*c - 3*c. Let y = -53 - -59. What is the remainder when c is divided by (28/y)/((-28)/(-42))?
4
Let h(s) = -5*s - 2. Let j be 2/3 - (-1)/3 - 3. Calculate the remainder when (1/(-6)*-2)/(j/(-300)) is divided by h(-3).
11
Suppose 0 = 160*v - 151*v - 7029. Calculate the remainder when v is divided by 23.
22
What is the remainder when 0 + 2 - -17 - 119/(-119) is divided by 3?
2
Let s = 105 - -64. Calculate the remainder when s is divided by 9.
7
What is the remainder when -6 + ((-15)/(-20))/((-3)/(-3004)) is divided by 94?
87
Let q(z) = z**3 - 14*z**2 + z + 10. Let s be q(14). Let n = s - -2. Suppose 70 = 3*a + 2*a. What is 